, 181, 829
What are the prime factors of 74681?
17, 23, 191
List the prime factors of 2671893.
3, 7, 67, 211
List the prime factors of 559624.
2, 13, 5381
List the prime factors of 4132321.
83, 49787
List the prime factors of 22783538.
2, 11391769
What are the prime factors of 26622?
2, 3, 17, 29
List the prime factors of 65605.
5, 13121
What are the prime factors of 4711085?
5, 942217
List the prime factors of 1581540.
2, 3, 5, 43, 613
List the prime factors of 11899157.
251, 47407
What are the prime factors of 9687997?
11, 880727
List the prime factors of 111184.
2, 6949
What are the prime factors of 17228322?
2, 3, 109, 2927
What are the prime factors of 410942?
2, 7, 149, 197
What are the prime factors of 1189955?
5, 13, 18307
What are the prime factors of 305884?
2, 76471
What are the prime factors of 1379516?
2, 17, 20287
What are the prime factors of 9104705?
5, 19, 239, 401
List the prime factors of 992290.
2, 5, 13, 17, 449
What are the prime factors of 1602470?
2, 5, 37, 61, 71
What are the prime factors of 666668?
2, 166667
List the prime factors of 1354589.
1354589
List the prime factors of 1219659.
3, 7, 8297
What are the prime factors of 552640?
2, 5, 11, 157
What are the prime factors of 25871618?
2, 59, 219251
List the prime factors of 10961009.
10961009
List the prime factors of 3321855.
3, 5, 73819
List the prime factors of 676195.
5, 13, 101, 103
What are the prime factors of 3271530?
2, 3, 5, 167, 653
List the prime factors of 10453437.
3, 1161493
List the prime factors of 409774.
2, 204887
What are the prime factors of 23746?
2, 31, 383
List the prime factors of 196765.
5, 23, 29, 59
What are the prime factors of 604008?
2, 3, 8389
List the prime factors of 5747663.
71, 80953
What are the prime factors of 34120539?
3, 241, 15731
What are the prime factors of 1285603?
11, 73, 1601
What are the prime factors of 2026245?
3, 5, 13, 10391
What are the prime factors of 82016?
2, 11, 233
List the prime factors of 1059328.
2, 2069
List the prime factors of 810889.
229, 3541
List the prime factors of 61499.
89, 691
What are the prime factors of 224600?
2, 5, 1123
List the prime factors of 189714.
2, 3, 7, 4517
List the prime factors of 126055.
5, 17, 1483
What are the prime factors of 687705?
3, 5, 19, 127
What are the prime factors of 2557500?
2, 3, 5, 11, 31
What are the prime factors of 81091?
83, 977
What are the prime factors of 68361?
3, 22787
List the prime factors of 487881.
3, 151, 359
What are the prime factors of 3575216?
2, 439, 509
What are the prime factors of 532706?
2, 266353
What are the prime factors of 11028680?
2, 5, 13, 127, 167
What are the prime factors of 1045106?
2, 522553
List the prime factors of 123805.
5, 11, 2251
What are the prime factors of 131876?
2, 32969
What are the prime factors of 2380953?
3, 43, 18457
What are the prime factors of 11455180?
2, 5, 11, 52069
List the prime factors of 637821.
3, 23623
What are the prime factors of 1923464?
2, 240433
What are the prime factors of 7744811?
1553, 4987
List the prime factors of 382627.
7, 47, 1163
List the prime factors of 223122.
2, 3, 41, 907
List the prime factors of 466032.
2, 3, 7, 19, 73
List the prime factors of 286434.
2, 3, 15913
What are the prime factors of 5019527?
131, 38317
What are the prime factors of 130024?
2, 16253
List the prime factors of 422860.
2, 5, 21143
What are the prime factors of 11560952?
2, 13, 17, 503
List the prime factors of 435982.
2, 17, 12823
List the prime factors of 197561.
7, 13, 167
What are the prime factors of 80353?
7, 13, 883
List the prime factors of 1261980.
2, 3, 5, 19, 41
What are the prime factors of 404432?
2, 7, 23, 157
List the prime factors of 848546.
2, 424273
List the prime factors of 271157.
31, 8747
What are the prime factors of 1692101?
79, 21419
List the prime factors of 547972.
2, 136993
List the prime factors of 31955830.
2, 5, 83, 38501
List the prime factors of 1688038.
2, 11, 277
List the prime factors of 179642.
2, 89821
List the prime factors of 10515261.
3, 89, 39383
What are the prime factors of 386952?
2, 3, 23, 701
List the prime factors of 16452782.
2, 8226391
List the prime factors of 1514978.
2, 401, 1889
What are the prime factors of 1756187?
1756187
List the prime factors of 2755520.
2, 5, 79, 109
List the prime factors of 565017.
3, 331, 569
What are the prime factors of 246270?
2, 3, 5, 8209
List the prime factors of 651661.
17, 38333
What are the prime factors of 25871118?
2, 3, 7, 13, 967
What are the prime factors of 278710?
2, 5, 47, 593
List the prime factors of 10053413.
19, 529127
What are the prime factors of 3152077?
3152077
List the prime factors of 5678534.
2, 271, 10477
What are the prime factors of 797356?
2, 7, 28477
What are the prime factors of 440539?
11, 29, 1381
List the prime factors of 748826.
2, 13, 83, 347
List the prime factors of 5387523.
3, 41, 43801
List the prime factors of 2579124.
2, 3, 197, 1091
What are the prime factors of 12887?
7, 263
List the prime factors of 5758320.
2, 3, 5, 23993
List the prime factors of 589267.
7, 84181
What are the prime factors of 667623?
3, 11, 20231
List the prime factors of 688439.
709, 971
What are the prime factors of 3399707?
3399707
What are the prime factors of 1149884?
2, 389, 739
List the prime factors of 4259227.
7, 86923
List the prime factors of 18691775.
5, 53, 14107
What are the prime factors of 311772?
2, 3, 25981
List the prime factors of 23946198.
2, 3, 31, 4153
What are the prime factors of 1086025?
5, 43441
What are the prime factors of 1227?
3, 409
List the prime factors of 24650958.
2, 3, 137, 29989
List the prime factors of 405977.
11, 13, 17, 167
What are the prime factors of 410303?
113, 3631
What are the prime factors of 223228?
2, 55807
What are the prime factors of 237697?
251, 947
List the prime factors of 15401896.
2, 41, 46957
What are the prime factors of 105161?
7, 83, 181
What are the prime factors of 570413?
570413
List the prime factors of 268929.
3, 29881
List the prime factors of 16400417.
11, 263, 5669
List the prime factors of 284665.
5, 17, 197
What are the prime factors of 232348?
2, 29, 2003
What are the prime factors of 583699?
19, 31, 991
What are the prime factors of 667972?
2, 41, 4073
What are the prime factors of 23347665?
3, 5, 11, 101, 467
What are the prime factors of 374785?
5, 23, 3259
List the prime factors of 1979220.
2, 3, 5, 32987
What are the prime factors of 20712318?
2, 3, 11, 19, 83, 199
List the prime factors of 152054.
2, 7, 10861
List the prime factors of 734637.
3, 71, 3449
What are the prime factors of 555922?
2, 277961
What are the prime factors of 2171875?
5, 139
List the prime factors of 219260.
2, 5, 19, 577
What are the prime factors of 9792386?
2, 53, 92381
What are the prime factors of 348292?
2, 7, 1777
List the prime factors of 499390.
2, 5, 49939
List the prime factors of 434729.
151, 2879
List the prime factors of 1447634.
2, 503, 1439
List the prime factors of 188757.
3, 6991
List the prime factors of 1464308.
2, 366077
What are the prime factors of 5692227?
3, 1897409
List the prime factors of 159001.
17, 47, 199
What are the prime factors of 503738?
2, 61, 4129
List the prime factors of 184324.
2, 7, 29, 227
List the prime factors of 823363.
67, 12289
What are the prime factors of 28534682?
2, 11, 131, 9901
List the prime factors of 83585.
5, 73, 229
List the prime factors of 11527399.
13, 499, 1777
What are the prime factors of 238095?
3, 5, 11, 13, 37
List the prime factors of 5082527.
1289, 3943
List the prime factors of 14176392.
2, 3, 79, 7477
What are the prime factors of 1187005?
5, 237401
List the prime factors of 195529.
19, 41, 251
List the prime factors of 195475.
5, 7, 1117
What are the prime factors of 4869330?
2, 3, 5, 23, 7057
What are the prime factors of 530721?
3, 109, 541
What are the prime factors of 348506?
2, 271, 643
List the prime factors of 18372052.
2, 317, 14489
List the prime factors of 12749100.
2, 3, 5, 7, 13, 467
List the prime factors of 562463.
11, 51133
What are the prime factors of 5546751?
3, 7, 97, 389
What are the prime factors of 37589?
37589
List the prime factors of 1826844.
2, 3, 23, 6619
What are the prime factors of 6142105?
5, 433, 2837
What are the prime factors of 60669?
3, 7, 107
Wha